*c + 71*c = 10070. What is the units digit of c?
0
Let v be 2/(-2) - (0 - 3). Let p be (-7 - -28)*v/(-6). Let x = 13 + p. What is the units digit of x?
6
Suppose -5*z - h = -2327 + 245, 0 = 5*z + 3*h - 2076. What is the units digit of z?
7
Suppose -2*b = -2*j - 354, 2*b - 4*b - 4*j + 342 = 0. What is the tens digit of b?
7
Let d = 7 + -5. Let u be 117/(-9) + d/2. Let n = 16 - u. What is the tens digit of n?
2
Let i = 44 - 14. Let b be ((-7)/21)/(2/i). Let k = 10 + b. What is the units digit of k?
5
Let i be 3/21 - (-5209)/(-7). Let w = 1069 + i. Suppose 0 = -0*u + 5*u - w. What is the tens digit of u?
6
Let o(x) = x**2 - 12*x - 12. Let g(m) = -m + 2. Let c be g(6). Let l = c - -18. What is the units digit of o(l)?
6
Let n be 9/(-5)*(-7 - -2). Let c(h) = 5 - 2 - 8 + 8*h - n. What is the units digit of c(9)?
8
Suppose -1 = -3*k - r, -5*k - 10*r + 2 = -8*r. Suppose 3*i = -k*i + 6. What is the units digit of i?
2
Let x = 5805 + -1687. What is the thousands digit of x?
4
Let a = 82 - -334. What is the units digit of a?
6
Suppose -5*n + 4145 = 4*j - 522, 4*j = 2*n + 4702. What is the tens digit of j?
7
Let u = 28 - 27. Let k be (-3)/(u + 12/(-8)). What is the units digit of (-201)/k*(-3 + 1)?
7
Let h(k) = -k**3 + k**2 + 2*k + 2. Let l be h(0). Suppose -4*o = -4*b + 724, -4*b = -0*o - l*o - 714. What is the tens digit of b?
7
Let j(k) = k**3 - 9*k**2 + 11*k - 18. Let q be j(8). Suppose -740 = g - q*g. Let h = g + -66. What is the tens digit of h?
8
Suppose -4*w + 127 = 3*a - 4*a, 3 = -a. Let p = -14 + 57. Let k = p - w. What is the tens digit of k?
1
Suppose 0 = -9*h - 22 + 103. Let j(x) = x**3 - 9*x**2 + 9*x + 29. What is the units digit of j(h)?
0
Let y = 9349 + -5198. What is the hundreds digit of y?
1
Let s = 684 + -355. What is the hundreds digit of s?
3
Let y be ((-2)/6)/(10/60). What is the units digit of 872/y*(-24)/48?
8
Suppose -4*r - 1 + 12 = t, 3*r + t = 7. Suppose r*i = -2*i + 24. What is the units digit of i?
4
Let u(o) = -o**3 - 18*o**2 - 16*o + 21. Let d be u(-17). Suppose -d*i = s - 351, -2*s = -3*i + s + 267. What is the units digit of i?
8
Let h(v) = 5 + 8*v + 9 - 18*v + 11*v. Let m be (1 - 1/7)*-14. What is the units digit of h(m)?
2
What is the tens digit of 130*12*15/50?
6
Let q = 11 - 12. Let s(b) = -4*b + 1. Let y be s(q). Suppose -2*u - 27 = -a + 25, -20 = y*u. What is the tens digit of a?
4
Let i(t) = -t**3 + 9*t**2 + 12*t - 134. What is the tens digit of i(7)?
4
Suppose -7*x = -0*x + 77. Let j = x + -2. What is the units digit of 26/j + 19*1?
7
Suppose f + t + t = -7, 0 = -t - 5. Let s be (9/f)/(3/5). Suppose -140 = -5*w - 3*q, 5*q + 41 = s*w - 59. What is the units digit of w?
5
Suppose -4*u + 16 = -4*x, 0*u + 4 = 2*x + u. Suppose x = 3*k - 188 - 37. What is the tens digit of k?
7
What is the tens digit of (270/7)/(13/182)?
4
Let l(p) = -66*p. Let a be l(-1). Suppose a = o - 0*o. Suppose o = -0*c + 3*c. What is the tens digit of c?
2
Suppose 0*w = 2*w + g + 307, 4*g = 2*w + 322. Let r = -57 - w. What is the tens digit of r?
9
Let n be (-46)/(-14) - 2/7. Suppose 2*a + n = 61. Let t = 66 - a. What is the tens digit of t?
3
Suppose -n + 1 = -4. Suppose 0 = 3*q + 5*u - 70, q - 18 - 22 = -n*u. Suppose 3*r - m - q = 20, 2*r - 3*m = 21. What is the units digit of r?
2
Let f(s) = -55*s + 116. What is the units digit of f(-4)?
6
Suppose 21*z = 23*z - 964. What is the units digit of z?
2
Let b(o) = -1. Let c(w) = -28*w - 28. Let d(k) = -28*b(k) - c(k). What is the tens digit of d(7)?
5
Let m(r) = -r + 11. Let t(k) = -1. Let o(g) = m(g) + 6*t(g). Suppose -20 = -4*j - 2*s, 2 + 14 = 4*s. What is the units digit of o(j)?
2
What is the units digit of -3 - -855 - 138/(-23)?
8
Let a(i) = i - 3. Let v be a(6). Let j(b) = 11*b + 8. What is the units digit of j(v)?
1
Let s(h) = -h**3 - 12*h**2 + 11. Let z be s(-12). What is the tens digit of 758/12 - z/66?
6
Let i = -846 + 1185. What is the units digit of i?
9
What is the tens digit of -4 - (-7 + 0) - (-1499 + 2)?
0
Let v be 7/((-245)/21)*-5. Suppose 158 = b - 3*h + 3, 307 = 2*b - 5*h. Suppose -2*p - 4*q = -88, v*q - 5*q = 4*p - b. What is the tens digit of p?
3
Let x be (-1458)/(-24) - (-6)/(-8). Let g = -55 + x. What is the units digit of g?
5
Let s = 103 - 99. Suppose -s*v + 387 = -293. What is the units digit of v?
0
Let s(i) = 2*i**2 - 12*i - 38. What is the units digit of s(19)?
6
Let h(o) = -21*o + 14. Let z be h(4). Let t(r) = -r**2 - 3*r - 2. Let m be t(-2). What is the tens digit of (m + -1)*(z - -9)?
6
Suppose 3*t = 0, 0 = -3*l + 4*t - 0*t + 21. Let y(j) = 3 + 4*j + j**3 + 5 - 5*j**2 - 14*j. What is the units digit of y(l)?
6
Let j = -25 - -29. Suppose 0 = u + 2*w + 7, 3*u = 2*u - w - j. What is the units digit of u/((6 + -2)/(-16))?
4
What is the hundreds digit of -9 - -1 - (-15 - (2137 - -10))?
1
Let d(r) = -15*r - 1. Let f(n) = n**2 - 10*n - 4. Let h be f(13). Let k be (-6)/5 + 7/h. What is the units digit of d(k)?
4
Let m = -834 + 1652. What is the units digit of m?
8
Let g = 83 - -46. Let z = -57 + g. What is the tens digit of z?
7
Let t(r) = -4 + 2 - 3 - 6 - 3*r. Let y be t(5). Let a = -12 - y. What is the units digit of a?
4
What is the units digit of 1/5 + 157032/90?
5
Suppose -8*j - 1203 = -z - 5*j, -4*z - 3*j = -4797. What is the hundreds digit of z?
2
Let b be -3*(7/(-4))/((-9)/(-120)). Suppose -2*n = -5*d + 24 + b, 5*d - 82 = -4*n. What is the units digit of d?
8
Let y = -44 + 46. Suppose -5*a + 1535 = s, -y*a - 2*s - 316 + 922 = 0. What is the hundreds digit of a?
3
Let t = -39 + 41. What is the units digit of 4*(t/(-7) + (-1219)/(-28))?
3
Let h = 5 + -3. Suppose 5*j - h*j = 66. Let y = 39 - j. What is the tens digit of y?
1
Suppose 25*y + 513 = 26*y. What is the units digit of y?
3
What is the units digit of (0 + 1266/5)*740/111?
8
Suppose 0 = 12*f - 9*f - 15. Suppose d - f*d + 24 = 0. Suppose -b + d*b = 195. What is the tens digit of b?
3
Suppose -5*k = 5*d - 6 - 39, -3*d = 4*k - 31. Suppose 4*i - k*r = 0, -5*i + i + r + 15 = 0. Let x = 2 + i. What is the units digit of x?
7
Suppose w = 2*a + 10 + 10, -2*w + 49 = -5*a. Let z = -9 - a. What is the units digit of (-11 - -59) + (z - 1)?
7
Suppose k - 14 - 14 = -4*l, 2*k - 36 = -3*l. Let s(i) = i**2 - 13*i + 9. Let w be s(k). What is the units digit of (-1)/((-17)/(-6) + w)?
6
Let m(c) = c + 1. Let z be m(1). Suppose -8*t + 300 = -z*t. What is the units digit of t?
0
Suppose i = 1, 15*i = -3*o + 16*i + 4994. What is the tens digit of o?
6
Let v = 27 + -5. Let o be 42*(-3 - v/(-6)). Let m = o + -20. What is the units digit of m?
8
Let d = -518 + 759. What is the units digit of d?
1
Suppose -r - f = -4*r + 66, -4*r + 2*f + 88 = 0. Let t = 13 + -9. Suppose 0 = -2*w - 0*w + t*u + r, 5*w + 5*u = 100. What is the units digit of w?
7
Let r(c) = c**2. Suppose -3*d - a = -2 + 4, -2*d - 5*a + 3 = 0. Let s be r(d). Let m = 17 - s. What is the units digit of m?
6
What is the units digit of ((-1)/(-3))/(51/394587)?
9
Suppose 4*i - 2505 = 5*k, -4*i + 2517 = 4*k - 5*k. What is the hundreds digit of i?
6
Let n(p) = -2 + 0*p + 10 + p**3 + 5*p**2 + p. Let w be n(-5). Suppose 0 = -w*k + 6*k - 102. What is the tens digit of k?
3
Let p be (14/(-4))/(5/10). Let b(v) = -12*v - 23. What is the units digit of b(p)?
1
Suppose 5*q + 17 = r, -17 = 4*r - 3*q - 102. Let c = r + 1. What is the tens digit of c?
2
Suppose -33627 + 80923 = 16*k. What is the units digit of k?
6
What is the units digit of (-544 - 32)/(1/(-3))?
8
Let f(o) = 266*o**2 - o. What is the hundreds digit of f(2)?
0
Let u(l) = -l**3 + 10*l**2 + 15*l - 24. Let o be u(11). What is the tens digit of (-8)/5 - -2 - (-4292)/o?
1
Suppose 3*s + 5*c = 5, -2*s = s + 3*c - 15. Let t(h) = h**3 - 9*h**2 - 10*h + 4. Let g be t(s). Suppose 155 = -g*a + 9*a. What is the units digit of a?
1
Let t(a) = 38*a - 165. What is the tens digit of t(9)?
7
Let r be (1 - -5)/((-1)/(-43)). Suppose 0*w + 3*w - r = 0. Let a = 120 - w. What is the tens digit of a?
3
Suppose 7*r + 25*r - 9952 = 0. What is the units digit of r?
1
Suppose -m - 724 = -2*o, 4*o - 797 = -2*m + 651. What is the units digit of o?
2
Let y be -1 - (-3 - -4) - -4. What is the units digit of y/(-4) + 66/4?
6
Suppose -4*u - 2*i + 8 = -24, 4*u + 5*i = 38. Suppose 38 - 10 = u*g. Suppose 0*d - 136 = -g*d. What is the units digit of d?
4
Sup